- -50 - -3 - (78 + 1 - -2))?
-63
Evaluate (21 - 51 - -16) + 25.
11
Calculate 42 - (10 + -59 - -44).
47
Evaluate 6 + -2 - (28 + -3 + 21).
-42
Calculate 269 + (52 - 207) - 254.
-140
Evaluate 54 + (-339 + 121 - -150).
-14
What is the value of -58 - (4 + (9 + -23 - -10))?
-58
-38 - (-38 + 15 + 2)
-17
What is the value of (133 - -39) + -81 + (0 - 3) + 20?
108
What is the value of -1 - (-2 + 59 - (-16 - (-37 - -16)))?
-53
Calculate (-8 + -21 - (11 + -44)) + 8.
12
Calculate (-9 - -4) + -6 - (151 + -130).
-32
What is the value of -93 + 5 + 57 - (-21 - -1)?
-11
Evaluate -21 + (-34 - (-58 + -24)).
27
25 - (103 + -47) - (-12 - 106)
87
What is the value of -21 - (-54 + -4 - 24) - (-14 - -31)?
44
Evaluate 2 - (-19 + 21 - (-3 - -22)) - -18.
37
Evaluate -48 + -12 + 48 - (0 + (3 + 4 - -5)).
-24
Calculate -89 + 48 + -4 - -7 - 59.
-97
Calculate -1 + -75 + 12 + 7 + 7 + -24 - 3.
-77
99 - (109 + 115 + -116)
-9
What is the value of -1 + -71 - ((302 - 327) + (-1 - -24))?
-70
What is the value of -91 + 91 - (14 - 88)?
74
Evaluate -96 + 0 - (-18869 + 18854).
-81
90 - (-13 + 95 - 35)
43
Calculate 50 - (7 + -9 + -8 + 19).
41
-11 + (1 - -8) + (2 - -5) + -3
2
Calculate (-14 - (-8 + 8)) + (5 - -1).
-8
What is (-4 - -15) + -2 + 0 + (-18 + 52 - 23)?
20
Calculate -8 + -12 + -11 + -5 - (0 - -18).
-54
What is the value of -6 + -1 + (18 + (8 - 21) - (-33 - -2))?
29
-41 - -60 - (-5 + 3) - -5
26
What is the value of (-13 + 35 + -1 + -29 - (1 - -1)) + -106?
-116
What is -344 + 375 + (-73 - -1) + 19?
-22
Evaluate -1908 + 1945 - (-34 + 0).
71
Evaluate (2171 - 2163) + 38 + -1.
45
Calculate -1 + (7 - ((6 + -3 - 14) + -7)).
24
What is 486 - 343 - (-11 - -54)?
100
What is the value of (-2 - 45) + -25 + -6 + -7 + -17?
-102
Calculate 6 + (-50 - -1) + -220 + 203.
-60
Evaluate -55 - (1 + 12 - (3 + -42 + 56)).
-51
What is the value of 32 + -71 + 12 + -20 + 41?
-6
(-1 + -1 - -1) + 1893 + -1980 + -5 + -1
-94
((-9 - 1) + (-8 - (4 - 13)) - -42) + 3
36
What is the value of 39 + (-60 + -25 - -20)?
-26
Evaluate -21 - ((64 - 71) + 9).
-23
Evaluate 66 + -52 + -17 - (0 - -45 - (9 - 6)).
-45
(4 - (8 - 44)) + 3 + (5 - 1) + -10
37
Calculate -11 - (12 - -7 - 40) - (60 - 0).
-50
What is the value of -55 - (-34 - (-37 + 47 + 0))?
-11
What is the value of -34 - (-131 + 119 + -51)?
29
What is -16 + 9 + -9 + (-5 + 3 - -63)?
45
What is -4 + 6 + (12 - (17 + 7 + 11)) + -6?
-27
Evaluate 2 + -2 + -770 + 837.
67
What is the value of 11 + -14 + -8 + 10 - ((5 - 2) + -1)?
-3
Calculate 17 - (-2 + (52 - (17 - -2))).
-14
What is the value of 4 + 1 + -5 + 1 + -126 + 89 + 11?
-25
Calculate (5 + -15 - -42) + -35 + 22.
19
Calculate -3 + -31 + (-2 - (3 - 0)) + 72 + -65.
-32
-64 - (19 - (-32 - (-70 - -29)))
-74
What is the value of -70 - (10 + -16) - (35 + -23 - -7)?
-83
What is the value of (-25 - -24) + -4 + 18 + -15?
-2
Evaluate -2 - (-29 + 142 + -51).
-64
What is the value of -4738 + 4772 + -1 + 8 + 2 + -2?
41
Evaluate 1 - -30 - (11 + (4 - 35) + 25).
26
What is the value of 41 - (-45 + 174) - -64?
-24
Evaluate (-38 - -66 - 24) + (0 + (-6 - -2) - -5).
5
What is -3 + -10 + (53 - (9 - -71))?
-40
What is the value of 1 + -7 - (-24 - (59 - 34))?
43
What is the value of (23 - (19 + -34 + 30)) + (1 - 52)?
-43
What is the value of -121 + 83 + -13 + 145?
94
Calculate 27 - (38 - 64 - -69).
-16
Evaluate -231 + (472 - 267) - (-1 + -72).
47
What is 47 + 82 - 89 - ((-1 - -20) + -2)?
23
Evaluate (129 - 182) + (95 - 9).
33
Calculate (-8 - -13 - 14) + 9 - (-38 + -1) - -3.
42
-1489 + 1490 + -4 + -1
-4
What is -53 + (-35 - (-72 - -40))?
-56
What is the value of (6 - (-1 - (-15 - -2))) + (95 - 112)?
-23
What is the value of 626 + -589 - (-2 + (6 - 2) + 1)?
34
Calculate 14 + 1 + 13 - (143 - 181).
66
What is the value of (-12 - -1) + (38 - (-13 + (24 - 58)))?
74
(-44 + 16 - -73) + -90
-45
(0 - 34) + (-1 - -1) + 24 + 6 + -30
-34
Evaluate 21 + (48 - (5 - -37)) + -10.
17
Evaluate (-18 - -5 - -4) + 18 + (9 - 17) + -44.
-43
-10 + (-20 - (-34 - 2)) - (2 + 54)
-50
3 - (-5 - 79) - (-37 + 67 + -17)
74
What is the value of (-79 - (-6 - 6) - -6) + -4 + -16?
-81
Evaluate 101 + 47 - 171 - (0 + 26).
-49
Evaluate -39 - (-92 - (32 + -74)).
11
Calculate -8 - (-8 - 26 - -22) - 0.
4
Evaluate -42 + -46 + 80 + 1 + 94 + -1 + -1.
85
What is -7 + -17 + 53 + -54 + (3 - 66)?
-88
What is 167 - (123 + 35) - (10 - 0 - -2)?
-3
What is the value of (-2 - -5) + 8 - (5 + 85 - 124)?
45
Calculate (-2 + -62 - -54) + (3 - (40 - -2)).
-49
What is 24 - 3 - (-57 + 17 + 29)?
32
(-4 - 5 - (-7 + -15)) + -38
-25
Calculate -37 - (((9 - 19) + 6 - -20) + -6 + -4).
-43
What is the value of 23 - (-74 + 46) - 53?
-2
What is (-1 - -4) + -18 + (3 + -16 - -11 - 3)?
-20
What is 16 + 4 + -2 - (-99 - -176)?
-59
Calculate 121 + -132 + -16 + 1 - (0 - 1).
-25
Calculate (-10 - (12 + (0 - 25))) + -68.
-65
What is the value of -19 + 17 + (-20 - -37 - 30)?
-15
Evaluate 5 + (-5 - -5) - (-20 + 23 + -1 + 15).
-12
Evaluate 1 - (-24 + -25 + 48).
2
What is (3 - (16 + (6 - 7))) + 10 + 4 - -35?
37
Evaluate 10 - 47 - (1 + 70) - (0 - 2).
-106
-12 + (-60 - (30 - (30 - 9)))
-81
What is -4 + (-10 + -8 + 0 - -72) + (-9 - 2)?
39
What is the value of 21 - (-28 - -1 - (127 - 233))?
-58
58 + (9 - 96) - (-8 + -1)
-20
Calculate -91 + 18 + (58 - 2).
-17
What is -5 + (-14 - -7) + (9 + -5 - -73)?
65
What is the value of -37 - -34 - (13 - 6) - -20 - (8 - -2)?
0
Calculate 3 - (80 + (-43 - -17)) - (-1 + 1 + 2).
-53
Calculate -6 + (16 + -43 - -27) + 43 + -2.
35
What is the value of -5 + (10 + 59 - (-13 + 14 - 1))?
64
What is (-9 - -1) + (-26260 - -26281)?
13
What is 66 + -8 + -22 - -78?
114
(2 - -17 - 0) + 938 + -980
-23
What is the value of 6 - (1 + -4 + (-49 - -41)) - (-1 - 1)?
19
-128 + (182 - 105) + 26
-25
Evaluate -6 - (198 - 96 - 23).
-85
What is -14 - 2 - (-4784 - -4835)?
-67
15 + -16 + 28 + -70 + 1 + -3 + 5
-40
Evaluate -16 + -18 + 28 + 10.
4
-131 - -271 - 95 - (-27 + 0)
72
9 + 1 + -76 + (29 - 67) + 25
-79
Calculate 7 + (5 - 23) + 6 + (2 - -15).
12
What is 45 - ((19 - 11) + -26)?
63
What is (-470 - -385) + 191 + -4?
102
What is -49 + 42 - (29 + (-1 - (-8 - -6)))?
-37
-53 + (-31 + 15 - -8 - (-23 + 1))
-39
-179 + 36 + 137 - (0 + 18 - 0)
-24
4 + (59 - (37 - 13))
39
-61 + (0 - 13) + 35
-39
What is the value of -28 + -13 - (-2 + 1 + 7 + 11 + -8)?
-50
What is 2 + (12 - (-1 - -3) - (-1734 - -1677))?
69
Calculate 963 + -909 - (-1 + 1 - (-6 - -6)).
54
(38 - (81 + -68)) + -65
-40
What is the value of -64 - (-24 + -3 + -18)?
-19
Evaluate 65 - (7 + 1 + 17).
40
What is the value of -24 - ((18 - (1 + 18)) + 4)?
-27
What is the value of 146 - (178 - (33 + 77))?
78
Calculate (0 + 13 - (5 + -2 + 1)) + 2541 + -2598.
-48
Evaluate 93 - 139 - -44 - -76.
74
What is -9 + -23 - -1 - -37 - 56?
-50
What is the value of -55 + 0 + -1665 + 1697?
-23
What is -2 + 51 + 2 - (-1551 + 1553)?
49
What is the value of 2 - (-44 - (-8 - 1) - -10)?
27
Evaluate (-6 - 17) + 53 - -34.
64
Evaluate -57 + -29 + 72 + -79.
-93
What is (-6 - (2 + -59) - (0 + 1)) + -21 + 17?
46
Calculate 38 + (17 - 23) + -38.
-6
-1 + -28 + ((7 - 18) + -6 - (14 + -29))
-31
What is 13 - (0 + -4 - (1368 - 1366))?
19
(67 - (-11 + 41)) + -52
-15
Calculate -1 + 6 - (-3 - 7) - (17 + -21).
19
33 - (60 - (-117 - -38))
-106
What is 74 + 48 + -103 + -131?
-112
Evaluate -5 + (6 - 7) + (32 - (-25 + 114)).
-63
What is the value of (7 - -23) + (-222 - -272)?
80
Calculate 3 + (0 - (18 - 3 - 4 - 1)) + -75.
-82
Calculate (-5 - (26 + -62)) + (4 - 0).
35
-13 + -40 + 21 + 41
9
(-507 - -559) + -20 + -2
30
Calculate -44 + (340 - 293 - (17 - -2)).
-16
Calculate 13 + -11 + 6 + 16 + -21.
3
Evaluate 9 - (-25 + 20 + (24 - 25)).
15
Calculate (-10 - (-5 - 25)) + (-27 - -32).
25
Evaluate -1 + 4 - 9 - (3 + 5) - (20 - 19).
-15
Calculate -5 + (5 - 3) + 52 - (1125 + -1120).
44
Evaluate (33 - (41 + 41)) + 46.
-3
Calculate 16 + -2 + 0 - (-1462 + 1465) - -32.
43
-15 + (16 + -24 + 19 - -16) - 94
-82
What is -2 - (50 + -8) - (13 + (-15 - -7)) - 10?
-59
What is the value of 0 + (1 - 101) + (-125 - (-83 + -60))?
-82
Calculate 6 + 36 - (-3 - (-5 + 15 + -6) - -4).
45
What is the value of -11 - 1 - (-286 + 285 + (4 + -21 - 3))?
9
259 - 231 - (10 - 0)
18
What is 11 + -47 + (23 - (1 + -10))?
-4
(1 - -32) + -45 + 6 + 2
-4
0 + (-2 - -14) + (24 - 39) - 9
-12
Evaluate (4 - -41) + 195 + -240 + -1 + -4.
-5
What is the value of -1077 + 1062